est common factor of 2221630 and 20.
10
Calculate the greatest common factor of 7136 and 64.
32
Calculate the greatest common divisor of 1982066 and 2049.
683
Calculate the greatest common factor of 1172416 and 1792.
448
What is the highest common divisor of 161293 and 363?
121
Calculate the highest common factor of 330 and 432410.
110
Calculate the greatest common divisor of 216619 and 494.
247
What is the highest common divisor of 34 and 308448?
34
What is the highest common factor of 8672 and 80?
16
What is the greatest common factor of 783 and 4149?
9
What is the highest common divisor of 42311 and 87?
29
What is the greatest common divisor of 16822 and 806?
26
What is the highest common factor of 1263742 and 7602?
362
Calculate the greatest common divisor of 480 and 3744.
96
Calculate the greatest common divisor of 58 and 180293.
29
What is the highest common factor of 913 and 11703?
83
What is the greatest common divisor of 170800 and 56?
56
What is the highest common factor of 24816 and 31537?
517
Calculate the highest common factor of 120 and 273300.
60
What is the highest common divisor of 323 and 589?
19
Calculate the highest common factor of 471174 and 1770.
354
Calculate the highest common factor of 326152 and 28331.
691
Calculate the greatest common divisor of 164246 and 82.
82
What is the greatest common factor of 87167 and 67?
67
What is the greatest common factor of 1073 and 37?
37
Calculate the greatest common factor of 8587 and 217.
31
Calculate the highest common divisor of 4940 and 30.
10
Calculate the greatest common divisor of 28 and 12586.
14
What is the greatest common factor of 188 and 289802?
94
What is the highest common factor of 1862 and 27818?
14
Calculate the highest common factor of 26 and 2392.
26
What is the highest common factor of 14224 and 10976?
112
What is the greatest common factor of 234 and 26091?
117
Calculate the highest common factor of 116183 and 446.
223
Calculate the greatest common divisor of 3800 and 435800.
200
What is the highest common factor of 377 and 323089?
377
Calculate the greatest common factor of 160 and 2830.
10
What is the greatest common factor of 40180 and 434?
14
Calculate the greatest common divisor of 2265399 and 333.
333
Calculate the greatest common divisor of 1242906 and 42.
42
Calculate the greatest common factor of 13731 and 207.
69
What is the greatest common divisor of 1 and 716?
1
Calculate the highest common factor of 495040 and 39.
13
Calculate the highest common divisor of 34922 and 4940.
38
Calculate the greatest common divisor of 426257 and 52.
13
Calculate the greatest common divisor of 635 and 5461.
127
What is the greatest common divisor of 4352 and 952?
136
What is the greatest common divisor of 1703 and 70109?
13
Calculate the greatest common divisor of 225474 and 6.
6
Calculate the greatest common divisor of 3 and 13539.
3
What is the greatest common divisor of 11736 and 601144?
1304
Calculate the greatest common divisor of 3872 and 112068.
44
Calculate the greatest common factor of 28 and 70777.
7
What is the highest common factor of 75984 and 32?
16
Calculate the highest common divisor of 109158 and 3402.
42
What is the greatest common factor of 428 and 165422?
214
What is the highest common factor of 60 and 5210?
10
Calculate the highest common divisor of 271884 and 278.
278
Calculate the greatest common factor of 130 and 44230.
10
What is the greatest common factor of 24475 and 75?
25
Calculate the highest common factor of 704380 and 410.
410
What is the greatest common divisor of 3556 and 1456?
28
Calculate the highest common divisor of 876 and 94462.
146
Calculate the highest common factor of 77 and 60599.
77
Calculate the highest common divisor of 1056042 and 13.
13
What is the greatest common factor of 1911 and 379554?
147
Calculate the greatest common divisor of 26 and 262678.
26
What is the greatest common divisor of 11012426 and 1138?
1138
Calculate the highest common factor of 992410 and 10.
10
Calculate the greatest common factor of 265 and 135521.
53
What is the highest common divisor of 180480 and 2115?
705
What is the greatest common divisor of 696 and 580696?
232
What is the greatest common factor of 3628 and 44?
4
What is the highest common factor of 30455491 and 11?
11
What is the highest common divisor of 25728 and 77988?
804
Calculate the highest common divisor of 10 and 540370.
10
What is the highest common divisor of 1157 and 7387?
89
What is the greatest common divisor of 4420 and 272?
68
What is the highest common divisor of 6350 and 2794?
254
What is the greatest common factor of 5066 and 247042?
298
Calculate the highest common factor of 8943 and 990.
33
Calculate the greatest common divisor of 112128 and 438.
438
Calculate the greatest common factor of 188200 and 240.
40
What is the highest common divisor of 252 and 12624?
12
What is the greatest common divisor of 7011 and 4617?
171
What is the greatest common factor of 39844149 and 519?
519
What is the highest common divisor of 578 and 2822?
34
Calculate the highest common divisor of 111 and 4477.
37
What is the greatest common divisor of 78492 and 24054?
1266
Calculate the greatest common divisor of 52160 and 213530.
1630
What is the highest common divisor of 101 and 62822?
101
What is the greatest common divisor of 8246 and 101122?
434
Calculate the highest common divisor of 1 and 6119.
1
Calculate the greatest common divisor of 116704 and 336.
112
Calculate the greatest common divisor of 27693 and 459.
153
What is the highest common divisor of 40 and 2555?
5
What is the highest common factor of 14074 and 22246?
454
Calculate the highest common factor of 36577 and 632.
79
Calculate the highest common factor of 4345 and 6985.
55
Calculate the highest common factor of 4850 and 16.
2
Calculate the greatest common divisor of 46912 and 13568.
64
Calculate the greatest common divisor of 86 and 29.
1
Calculate the highest common divisor of 462 and 59066.
14
Calculate the highest common divisor of 30 and 672765.
15
What is the greatest common divisor of 15 and 118005?
15
What is the greatest common divisor of 1490 and 1510?
10
What is the greatest common divisor of 828 and 75693?
69
What is the highest common factor of 533 and 9061?
533
Calculate the greatest common divisor of 42039 and 178017.
519
Calculate the greatest common factor of 137764 and 1313.
101
Calculate the greatest common divisor of 549972 and 32.
4
Calculate the greatest common factor of 18984 and 302953.
791
Calculate the greatest common divisor of 264 and 2200.
88
Calculate the highest common factor of 232 and 153033.
29
What is the greatest common factor of 13707 and 36?
9
What is the greatest common factor of 810 and 102330?
270
What is the greatest common factor of 36771 and 16779?
357
Calculate the highest common factor of 78 and 2574.
78
What is the greatest common factor of 686 and 4560528?
686
What is the highest common divisor of 7 and 691061?
7
Calculate the greatest common divisor of 19 and 5918044.
19
What is the greatest common divisor of 224 and 96656?
112
What is the highest common divisor of 407265 and 20?
5
Calculate the highest common factor of 9960 and 41168.
664
What is the highest common divisor of 3474 and 666?
18
Calculate the highest common factor of 8580 and 149820.
660
What is the highest common factor of 9842 and 2786?
14
What is the greatest common factor of 436 and 214076?
436
What is the greatest common factor of 100 and 156650?
50
What is the greatest common divisor of 1016 and 45974?
254
What is the highest common factor of 2974890 and 1590?
1590
Calculate the highest common factor of 187 and 2837351.
187
What is the highest common divisor of 14190 and 19470?
330
What is the greatest common factor of 240 and 189260?
20
Calculate the greatest common divisor of 34 and 176273.
17
What is the greatest common factor of 12207 and 29289?
39
What is the highest common divisor of 381 and 369?
3
What is the highest common factor of 11 and 803?
11
What is the greatest common factor of 122 and 959591?
61
Calculate the greatest common divisor of 16974 and 12.
6
What is the highest common divisor of 297 and 201993?
33
What is the highest common divisor of 5 and 1183265?
5
What is the highest com